{"id":1145,"date":"2023-01-27T12:04:37","date_gmt":"2023-01-27T12:04:37","guid":{"rendered":"https:\/\/nazarenovalencia.es\/?page_id=1145"},"modified":"2023-01-27T12:24:19","modified_gmt":"2023-01-27T12:24:19","slug":"comida-del-amor-y-de-la-amistad","status":"publish","type":"page","link":"https:\/\/nazarenovalencia.es\/va\/comida-del-amor-y-de-la-amistad\/","title":{"rendered":"Comida del Amor y de la Amistad"},"content":{"rendered":"<p>El pr\u00f3ximo 19 de Febrero en la hermandad celebraremos la Comida del Amor y de la Amistad, continuando la tradici\u00f3n de celebrar por San Valent\u00edn una cena que este a\u00f1o ser\u00e1 comida para una mayor conciliaci\u00f3n familiar. La hermandad ha habilitado un formulario para encargar la comida que consiste en 3 platos (Arroz con costilla y ajos tiernos, fideu\u00e0 o macarrones). El coste por raci\u00f3n son 3\u20ac e incluye bebida, picoteo y postre. Si se va a compartir la raci\u00f3n, el coste de la segunda persona son 3\u20ac.<\/p>\n<p>Recordad que al finalizar la comida, habr\u00e1 asamblea general (16:45 primera convocatoria, 17:00 en segunda) por lo que se ruega el m\u00e1ximo n\u00famero de asistentes.<\/p>\n<p><strong><span style=\"font-size: 18pt;\"><em>La fecha limite para apuntarse a la comida ser\u00e1 el 15 de Febrero<\/em><\/span><\/strong><\/p>\n<p>&nbsp;<\/p>\n<p><iframe loading=\"lazy\" src=\"https:\/\/docs.google.com\/forms\/d\/e\/1FAIpQLSdjVAEIZ6IyvCSsKepqyNEx6XCZM-EwR2h248MKL5UWtXZ70g\/viewform?embedded=true\" width=\"640\" height=\"1445\" frameborder=\"0\" marginwidth=\"0\" marginheight=\"0\">Cargando\u2026<\/iframe><\/p>","protected":false},"excerpt":{"rendered":"<p>El pr\u00f3ximo 19 de Febrero en la hermandad celebraremos la Comida del Amor y de la Amistad, continuando la tradici\u00f3n de celebrar por San Valent\u00edn una cena que este a\u00f1o ser\u00e1 comida para una mayor conciliaci\u00f3n familiar. La hermandad ha habilitado un formulario para encargar la comida que consiste en 3 platos (Arroz con costilla [&hellip;]<\/p>\n","protected":false},"author":1,"featured_media":1146,"parent":0,"menu_order":0,"comment_status":"closed","ping_status":"closed","template":"","meta":{"footnotes":""},"class_list":["post-1145","page","type-page","status-publish","has-post-thumbnail","hentry","post","post-with-thumbnail","post-with-thumbnail-large"],"yoast_head":"<!-- This site is optimized with the Yoast SEO plugin v27.2 - https:\/\/yoast.com\/product\/yoast-seo-wordpress\/ -->\n<title>Comida del Amor y de la Amistad - Real Hermandad de Nuestro Padre Jes\u00fas Nazareno \u00b7 Val\u00e8ncia<\/title>\n<meta name=\"robots\" content=\"index, follow, max-snippet:-1, max-image-preview:large, max-video-preview:-1\" \/>\n<link rel=\"canonical\" href=\"https:\/\/nazarenovalencia.es\/va\/comida-del-amor-y-de-la-amistad\/\" \/>\n<meta property=\"og:locale\" content=\"en_US\" \/>\n<meta property=\"og:type\" content=\"article\" \/>\n<meta property=\"og:title\" content=\"Comida del Amor y de la Amistad - Real Hermandad de Nuestro Padre Jes\u00fas Nazareno \u00b7 Val\u00e8ncia\" \/>\n<meta property=\"og:description\" content=\"El pr\u00f3ximo 19 de Febrero en la hermandad celebraremos la Comida del Amor y de la Amistad, continuando la tradici\u00f3n de celebrar por San Valent\u00edn una cena que este a\u00f1o ser\u00e1 comida para una mayor conciliaci\u00f3n familiar. La hermandad ha habilitado un formulario para encargar la comida que consiste en 3 platos (Arroz con costilla [&hellip;]\" \/>\n<meta property=\"og:url\" content=\"https:\/\/nazarenovalencia.es\/va\/comida-del-amor-y-de-la-amistad\/\" \/>\n<meta property=\"og:site_name\" content=\"Real Hermandad de Nuestro Padre Jes\u00fas Nazareno \u00b7 Val\u00e8ncia\" \/>\n<meta property=\"article:publisher\" content=\"https:\/\/www.facebook.com\/valencia.hermandadnazareno\" \/>\n<meta property=\"article:modified_time\" content=\"2023-01-27T12:24:19+00:00\" \/>\n<meta property=\"og:image\" content=\"https:\/\/nazarenovalencia.es\/wp-content\/uploads\/2023\/01\/descarga.jpeg\" \/>\n\t<meta property=\"og:image:width\" content=\"290\" \/>\n\t<meta property=\"og:image:height\" content=\"174\" \/>\n\t<meta property=\"og:image:type\" content=\"image\/jpeg\" \/>\n<meta name=\"twitter:card\" content=\"summary_large_image\" \/>\n<meta name=\"twitter:site\" content=\"@nazarenograo\" \/>\n<meta name=\"twitter:label1\" content=\"Est. reading time\" \/>\n\t<meta name=\"twitter:data1\" content=\"1 minute\" \/>\n<script type=\"application\/ld+json\" class=\"yoast-schema-graph\">{\"@context\":\"https:\/\/schema.org\",\"@graph\":[{\"@type\":\"WebPage\",\"@id\":\"https:\/\/nazarenovalencia.es\/comida-del-amor-y-de-la-amistad\/\",\"url\":\"https:\/\/nazarenovalencia.es\/comida-del-amor-y-de-la-amistad\/\",\"name\":\"Comida del Amor y de la Amistad - Real Hermandad de Nuestro Padre Jes\u00fas Nazareno \u00b7 Val\u00e8ncia\",\"isPartOf\":{\"@id\":\"https:\/\/nazarenovalencia.es\/#website\"},\"primaryImageOfPage\":{\"@id\":\"https:\/\/nazarenovalencia.es\/comida-del-amor-y-de-la-amistad\/#primaryimage\"},\"image\":{\"@id\":\"https:\/\/nazarenovalencia.es\/comida-del-amor-y-de-la-amistad\/#primaryimage\"},\"thumbnailUrl\":\"https:\/\/nazarenovalencia.es\/wp-content\/uploads\/2023\/01\/descarga.jpeg\",\"datePublished\":\"2023-01-27T12:04:37+00:00\",\"dateModified\":\"2023-01-27T12:24:19+00:00\",\"inLanguage\":\"va\",\"potentialAction\":[{\"@type\":\"ReadAction\",\"target\":[\"https:\/\/nazarenovalencia.es\/comida-del-amor-y-de-la-amistad\/\"]}]},{\"@type\":\"ImageObject\",\"inLanguage\":\"va\",\"@id\":\"https:\/\/nazarenovalencia.es\/comida-del-amor-y-de-la-amistad\/#primaryimage\",\"url\":\"https:\/\/nazarenovalencia.es\/wp-content\/uploads\/2023\/01\/descarga.jpeg\",\"contentUrl\":\"https:\/\/nazarenovalencia.es\/wp-content\/uploads\/2023\/01\/descarga.jpeg\",\"width\":290,\"height\":174},{\"@type\":\"WebSite\",\"@id\":\"https:\/\/nazarenovalencia.es\/#website\",\"url\":\"https:\/\/nazarenovalencia.es\/\",\"name\":\"Real Hermandad de Nuestro Padre Jes\u00fas Nazareno \u00b7 Val\u00e8ncia\",\"description\":\"Sitio web oficial de la Real Hermandad de Nuestro Padre Jes\u00fas Nazareno. Hermandad perteneciente a la Semana Santa Marinera de Val\u00e8ncia. Parroquia Santa Mar\u00eda del Mar. Grau \u00b7 Poblats Mar\u00edtims\",\"publisher\":{\"@id\":\"https:\/\/nazarenovalencia.es\/#organization\"},\"potentialAction\":[{\"@type\":\"SearchAction\",\"target\":{\"@type\":\"EntryPoint\",\"urlTemplate\":\"https:\/\/nazarenovalencia.es\/?s={search_term_string}\"},\"query-input\":{\"@type\":\"PropertyValueSpecification\",\"valueRequired\":true,\"valueName\":\"search_term_string\"}}],\"inLanguage\":\"va\"},{\"@type\":\"Organization\",\"@id\":\"https:\/\/nazarenovalencia.es\/#organization\",\"name\":\"Real Hermandad de Nuestro Padre Jes\u00fas Nazareno\",\"url\":\"https:\/\/nazarenovalencia.es\/\",\"logo\":{\"@type\":\"ImageObject\",\"inLanguage\":\"va\",\"@id\":\"https:\/\/nazarenovalencia.es\/#\/schema\/logo\/image\/\",\"url\":\"https:\/\/nazarenovalencia.es\/wp-content\/uploads\/2022\/01\/logo-hermandad-sevilla.png\",\"contentUrl\":\"https:\/\/nazarenovalencia.es\/wp-content\/uploads\/2022\/01\/logo-hermandad-sevilla.png\",\"width\":1920,\"height\":1080,\"caption\":\"Real Hermandad de Nuestro Padre Jes\u00fas Nazareno\"},\"image\":{\"@id\":\"https:\/\/nazarenovalencia.es\/#\/schema\/logo\/image\/\"},\"sameAs\":[\"https:\/\/www.facebook.com\/valencia.hermandadnazareno\",\"https:\/\/x.com\/nazarenograo\",\"https:\/\/www.instagram.com\/nazarenovalencia\/\",\"https:\/\/www.youtube.com\/user\/nazarenovalencia\"]}]}<\/script>\n<!-- \/ Yoast SEO plugin. -->","yoast_head_json":{"title":"Comida del Amor y de la Amistad - Real Hermandad de Nuestro Padre Jes\u00fas Nazareno \u00b7 Val\u00e8ncia","robots":{"index":"index","follow":"follow","max-snippet":"max-snippet:-1","max-image-preview":"max-image-preview:large","max-video-preview":"max-video-preview:-1"},"canonical":"https:\/\/nazarenovalencia.es\/va\/comida-del-amor-y-de-la-amistad\/","og_locale":"en_US","og_type":"article","og_title":"Comida del Amor y de la Amistad - Real Hermandad de Nuestro Padre Jes\u00fas Nazareno \u00b7 Val\u00e8ncia","og_description":"El pr\u00f3ximo 19 de Febrero en la hermandad celebraremos la Comida del Amor y de la Amistad, continuando la tradici\u00f3n de celebrar por San Valent\u00edn una cena que este a\u00f1o ser\u00e1 comida para una mayor conciliaci\u00f3n familiar. La hermandad ha habilitado un formulario para encargar la comida que consiste en 3 platos (Arroz con costilla [&hellip;]","og_url":"https:\/\/nazarenovalencia.es\/va\/comida-del-amor-y-de-la-amistad\/","og_site_name":"Real Hermandad de Nuestro Padre Jes\u00fas Nazareno \u00b7 Val\u00e8ncia","article_publisher":"https:\/\/www.facebook.com\/valencia.hermandadnazareno","article_modified_time":"2023-01-27T12:24:19+00:00","og_image":[{"width":290,"height":174,"url":"https:\/\/nazarenovalencia.es\/wp-content\/uploads\/2023\/01\/descarga.jpeg","type":"image\/jpeg"}],"twitter_card":"summary_large_image","twitter_site":"@nazarenograo","twitter_misc":{"Est. reading time":"1 minute"},"schema":{"@context":"https:\/\/schema.org","@graph":[{"@type":"WebPage","@id":"https:\/\/nazarenovalencia.es\/comida-del-amor-y-de-la-amistad\/","url":"https:\/\/nazarenovalencia.es\/comida-del-amor-y-de-la-amistad\/","name":"Comida del Amor y de la Amistad - Real Hermandad de Nuestro Padre Jes\u00fas Nazareno \u00b7 Val\u00e8ncia","isPartOf":{"@id":"https:\/\/nazarenovalencia.es\/#website"},"primaryImageOfPage":{"@id":"https:\/\/nazarenovalencia.es\/comida-del-amor-y-de-la-amistad\/#primaryimage"},"image":{"@id":"https:\/\/nazarenovalencia.es\/comida-del-amor-y-de-la-amistad\/#primaryimage"},"thumbnailUrl":"https:\/\/nazarenovalencia.es\/wp-content\/uploads\/2023\/01\/descarga.jpeg","datePublished":"2023-01-27T12:04:37+00:00","dateModified":"2023-01-27T12:24:19+00:00","inLanguage":"va","potentialAction":[{"@type":"ReadAction","target":["https:\/\/nazarenovalencia.es\/comida-del-amor-y-de-la-amistad\/"]}]},{"@type":"ImageObject","inLanguage":"va","@id":"https:\/\/nazarenovalencia.es\/comida-del-amor-y-de-la-amistad\/#primaryimage","url":"https:\/\/nazarenovalencia.es\/wp-content\/uploads\/2023\/01\/descarga.jpeg","contentUrl":"https:\/\/nazarenovalencia.es\/wp-content\/uploads\/2023\/01\/descarga.jpeg","width":290,"height":174},{"@type":"WebSite","@id":"https:\/\/nazarenovalencia.es\/#website","url":"https:\/\/nazarenovalencia.es\/","name":"Real Hermandad de Nuestro Padre Jes\u00fas Nazareno \u00b7 Val\u00e8ncia","description":"Sitio web oficial de la Real Hermandad de Nuestro Padre Jes\u00fas Nazareno. Hermandad perteneciente a la Semana Santa Marinera de Val\u00e8ncia. Parroquia Santa Mar\u00eda del Mar. Grau \u00b7 Poblats Mar\u00edtims","publisher":{"@id":"https:\/\/nazarenovalencia.es\/#organization"},"potentialAction":[{"@type":"SearchAction","target":{"@type":"EntryPoint","urlTemplate":"https:\/\/nazarenovalencia.es\/?s={search_term_string}"},"query-input":{"@type":"PropertyValueSpecification","valueRequired":true,"valueName":"search_term_string"}}],"inLanguage":"va"},{"@type":"Organization","@id":"https:\/\/nazarenovalencia.es\/#organization","name":"Real Hermandad de Nuestro Padre Jes\u00fas Nazareno","url":"https:\/\/nazarenovalencia.es\/","logo":{"@type":"ImageObject","inLanguage":"va","@id":"https:\/\/nazarenovalencia.es\/#\/schema\/logo\/image\/","url":"https:\/\/nazarenovalencia.es\/wp-content\/uploads\/2022\/01\/logo-hermandad-sevilla.png","contentUrl":"https:\/\/nazarenovalencia.es\/wp-content\/uploads\/2022\/01\/logo-hermandad-sevilla.png","width":1920,"height":1080,"caption":"Real Hermandad de Nuestro Padre Jes\u00fas Nazareno"},"image":{"@id":"https:\/\/nazarenovalencia.es\/#\/schema\/logo\/image\/"},"sameAs":["https:\/\/www.facebook.com\/valencia.hermandadnazareno","https:\/\/x.com\/nazarenograo","https:\/\/www.instagram.com\/nazarenovalencia\/","https:\/\/www.youtube.com\/user\/nazarenovalencia"]}]}},"_links":{"self":[{"href":"https:\/\/nazarenovalencia.es\/va\/wp-json\/wp\/v2\/pages\/1145","targetHints":{"allow":["GET"]}}],"collection":[{"href":"https:\/\/nazarenovalencia.es\/va\/wp-json\/wp\/v2\/pages"}],"about":[{"href":"https:\/\/nazarenovalencia.es\/va\/wp-json\/wp\/v2\/types\/page"}],"author":[{"embeddable":true,"href":"https:\/\/nazarenovalencia.es\/va\/wp-json\/wp\/v2\/users\/1"}],"replies":[{"embeddable":true,"href":"https:\/\/nazarenovalencia.es\/va\/wp-json\/wp\/v2\/comments?post=1145"}],"version-history":[{"count":0,"href":"https:\/\/nazarenovalencia.es\/va\/wp-json\/wp\/v2\/pages\/1145\/revisions"}],"wp:featuredmedia":[{"embeddable":true,"href":"https:\/\/nazarenovalencia.es\/va\/wp-json\/wp\/v2\/media\/1146"}],"wp:attachment":[{"href":"https:\/\/nazarenovalencia.es\/va\/wp-json\/wp\/v2\/media?parent=1145"}],"curies":[{"name":"wp","href":"https:\/\/api.w.org\/{rel}","templated":true}]}}

<p>El próximo 19 de Febrero en la hermandad celebraremos la Comida del Amor y de la Amistad, continuando la tradición de celebrar por San Valentín una cena que este año será comida para una mayor conciliación familiar. La hermandad ha habilitado un formulario para encargar la comida que consiste en 3 platos (Arroz con costilla y ajos tiernos, fideuà o macarrones). El coste por ración son 3€ e incluye bebida, picoteo y postre. Si se va a compartir la ración, el coste de la segunda persona son 3€.</p>
<p>Recordad que al finalizar la comida, habrá asamblea general (16:45 primera convocatoria, 17:00 en segunda) por lo que se ruega el máximo número de asistentes.</p>
<p><strong><span style="font-size: 18pt;"><em>La fecha limite para apuntarse a la comida será el 15 de Febrero</em></span></strong></p>
<p>&nbsp;</p>
<p><iframe loading="lazy" src="https://docs.google.com/forms/d/e/1FAIpQLSdjVAEIZ6IyvCSsKepqyNEx6XCZM-EwR2h248MKL5UWtXZ70g/viewform?embedded=true" width="640" height="1445" frameborder="0" marginwidth="0" marginheight="0">Cargando…</iframe></p>

<p>El próximo 19 de Febrero en la hermandad celebraremos la Comida del Amor y de la Amistad, continuando la tradición de celebrar por San Valentín una cena que este año será comida para una mayor conciliación familiar. La hermandad ha habilitado un formulario para encargar la comida que consiste en 3 platos (Arroz con costilla [&hellip;]</p>

<!-- This site is optimized with the Yoast SEO plugin v27.2 - https://yoast.com/product/yoast-seo-wordpress/ -->
<title>Comida del Amor y de la Amistad - Real Hermandad de Nuestro Padre Jesús Nazareno · València</title>
<meta name="robots" content="index, follow, max-snippet:-1, max-image-preview:large, max-video-preview:-1" />
<link rel="canonical" href="https://nazarenovalencia.es/va/comida-del-amor-y-de-la-amistad/" />
<meta property="og:locale" content="en_US" />
<meta property="og:type" content="article" />
<meta property="og:title" content="Comida del Amor y de la Amistad - Real Hermandad de Nuestro Padre Jesús Nazareno · València" />
<meta property="og:description" content="El próximo 19 de Febrero en la hermandad celebraremos la Comida del Amor y de la Amistad, continuando la tradición de celebrar por San Valentín una cena que este año será comida para una mayor conciliación familiar. La hermandad ha habilitado un formulario para encargar la comida que consiste en 3 platos (Arroz con costilla [&hellip;]" />
<meta property="og:url" content="https://nazarenovalencia.es/va/comida-del-amor-y-de-la-amistad/" />
<meta property="og:site_name" content="Real Hermandad de Nuestro Padre Jesús Nazareno · València" />
<meta property="article:publisher" content="https://www.facebook.com/valencia.hermandadnazareno" />
<meta property="article:modified_time" content="2023-01-27T12:24:19+00:00" />
<meta property="og:image" content="https://nazarenovalencia.es/wp-content/uploads/2023/01/descarga.jpeg" />
	<meta property="og:image:width" content="290" />
	<meta property="og:image:height" content="174" />
	<meta property="og:image:type" content="image/jpeg" />
<meta name="twitter:card" content="summary_large_image" />
<meta name="twitter:site" content="@nazarenograo" />
<meta name="twitter:label1" content="Est. reading time" />
	<meta name="twitter:data1" content="1 minute" />
<script type="application/ld+json" class="yoast-schema-graph">{"@context":"https://schema.org","@graph":[{"@type":"WebPage","@id":"https://nazarenovalencia.es/comida-del-amor-y-de-la-amistad/","url":"https://nazarenovalencia.es/comida-del-amor-y-de-la-amistad/","name":"Comida del Amor y de la Amistad - Real Hermandad de Nuestro Padre Jesús Nazareno · València","isPartOf":{"@id":"https://nazarenovalencia.es/#website"},"primaryImageOfPage":{"@id":"https://nazarenovalencia.es/comida-del-amor-y-de-la-amistad/#primaryimage"},"image":{"@id":"https://nazarenovalencia.es/comida-del-amor-y-de-la-amistad/#primaryimage"},"thumbnailUrl":"https://nazarenovalencia.es/wp-content/uploads/2023/01/descarga.jpeg","datePublished":"2023-01-27T12:04:37+00:00","dateModified":"2023-01-27T12:24:19+00:00","inLanguage":"va","potentialAction":[{"@type":"ReadAction","target":["https://nazarenovalencia.es/comida-del-amor-y-de-la-amistad/"]}]},{"@type":"ImageObject","inLanguage":"va","@id":"https://nazarenovalencia.es/comida-del-amor-y-de-la-amistad/#primaryimage","url":"https://nazarenovalencia.es/wp-content/uploads/2023/01/descarga.jpeg","contentUrl":"https://nazarenovalencia.es/wp-content/uploads/2023/01/descarga.jpeg","width":290,"height":174},{"@type":"WebSite","@id":"https://nazarenovalencia.es/#website","url":"https://nazarenovalencia.es/","name":"Real Hermandad de Nuestro Padre Jesús Nazareno · València","description":"Sitio web oficial de la Real Hermandad de Nuestro Padre Jesús Nazareno. Hermandad perteneciente a la Semana Santa Marinera de València. Parroquia Santa María del Mar. Grau · Poblats Marítims","publisher":{"@id":"https://nazarenovalencia.es/#organization"},"potentialAction":[{"@type":"SearchAction","target":{"@type":"EntryPoint","urlTemplate":"https://nazarenovalencia.es/?s={search_term_string}"},"query-input":{"@type":"PropertyValueSpecification","valueRequired":true,"valueName":"search_term_string"}}],"inLanguage":"va"},{"@type":"Organization","@id":"https://nazarenovalencia.es/#organization","name":"Real Hermandad de Nuestro Padre Jesús Nazareno","url":"https://nazarenovalencia.es/","logo":{"@type":"ImageObject","inLanguage":"va","@id":"https://nazarenovalencia.es/#/schema/logo/image/","url":"https://nazarenovalencia.es/wp-content/uploads/2022/01/logo-hermandad-sevilla.png","contentUrl":"https://nazarenovalencia.es/wp-content/uploads/2022/01/logo-hermandad-sevilla.png","width":1920,"height":1080,"caption":"Real Hermandad de Nuestro Padre Jesús Nazareno"},"image":{"@id":"https://nazarenovalencia.es/#/schema/logo/image/"},"sameAs":["https://www.facebook.com/valencia.hermandadnazareno","https://x.com/nazarenograo","https://www.instagram.com/nazarenovalencia/","https://www.youtube.com/user/nazarenovalencia"]}]}</script>
<!-- / Yoast SEO plugin. -->

Comida del Amor y de la Amistad - Real Hermandad de Nuestro Padre Jesús Nazareno · València

El próximo 19 de Febrero en la hermandad celebraremos la Comida del Amor y de la Amistad, continuando la tradición de celebrar por San Valentín una cena que este año será comida para una mayor conciliación familiar. La hermandad ha habilitado un formulario para encargar la comida que consiste en 3 platos (Arroz con costilla [&hellip;]

Real Hermandad de Nuestro Padre Jesús Nazareno · València

Sitio web oficial de la Real Hermandad de Nuestro Padre Jesús Nazareno. Hermandad perteneciente a la Semana Santa Marinera de València. Parroquia Santa María del Mar. Grau · Poblats Marítims

Real Hermandad de Nuestro Padre Jesús Nazareno
