{"id":1339,"date":"2024-03-05T21:51:29","date_gmt":"2024-03-05T21:51:29","guid":{"rendered":"https:\/\/nazarenovalencia.es\/?page_id=1339"},"modified":"2024-03-05T21:51:29","modified_gmt":"2024-03-05T21:51:29","slug":"libro-2024","status":"publish","type":"page","link":"https:\/\/nazarenovalencia.es\/va\/libro-2024\/","title":{"rendered":"Llibre 2024"},"content":{"rendered":"<a href=\"https:\/\/nazarenovalencia.es\/wp-content\/uploads\/2024\/03\/libro-v2.pdf\" class=\"pdfemb-viewer\" style=\"\" data-width=\"max\" data-height=\"max\" data-toolbar=\"top\" data-toolbar-fixed=\"off\">libro-v2<\/a>","protected":false},"excerpt":{"rendered":"","protected":false},"author":1,"featured_media":0,"parent":0,"menu_order":0,"comment_status":"closed","ping_status":"closed","template":"","meta":{"footnotes":""},"class_list":["post-1339","page","type-page","status-publish","hentry","post"],"yoast_head":"<!-- This site is optimized with the Yoast SEO plugin v27.2 - https:\/\/yoast.com\/product\/yoast-seo-wordpress\/ -->\n<title>Libro 2024 - Real Hermandad de Nuestro Padre Jes\u00fas Nazareno \u00b7 Val\u00e8ncia<\/title>\n<meta name=\"robots\" content=\"index, follow, max-snippet:-1, max-image-preview:large, max-video-preview:-1\" \/>\n<link rel=\"canonical\" href=\"https:\/\/nazarenovalencia.es\/va\/libro-2024\/\" \/>\n<meta property=\"og:locale\" content=\"en_US\" \/>\n<meta property=\"og:type\" content=\"article\" \/>\n<meta property=\"og:title\" content=\"Libro 2024 - Real Hermandad de Nuestro Padre Jes\u00fas Nazareno \u00b7 Val\u00e8ncia\" \/>\n<meta property=\"og:url\" content=\"https:\/\/nazarenovalencia.es\/va\/libro-2024\/\" \/>\n<meta property=\"og:site_name\" content=\"Real Hermandad de Nuestro Padre Jes\u00fas Nazareno \u00b7 Val\u00e8ncia\" \/>\n<meta property=\"article:publisher\" content=\"https:\/\/www.facebook.com\/valencia.hermandadnazareno\" \/>\n<meta name=\"twitter:card\" content=\"summary_large_image\" \/>\n<meta name=\"twitter:site\" content=\"@nazarenograo\" \/>\n<script type=\"application\/ld+json\" class=\"yoast-schema-graph\">{\"@context\":\"https:\/\/schema.org\",\"@graph\":[{\"@type\":\"WebPage\",\"@id\":\"https:\/\/nazarenovalencia.es\/libro-2024\/\",\"url\":\"https:\/\/nazarenovalencia.es\/libro-2024\/\",\"name\":\"Libro 2024 - Real Hermandad de Nuestro Padre Jes\u00fas Nazareno \u00b7 Val\u00e8ncia\",\"isPartOf\":{\"@id\":\"https:\/\/nazarenovalencia.es\/#website\"},\"datePublished\":\"2024-03-05T21:51:29+00:00\",\"inLanguage\":\"va\",\"potentialAction\":[{\"@type\":\"ReadAction\",\"target\":[\"https:\/\/nazarenovalencia.es\/libro-2024\/\"]}]},{\"@type\":\"WebSite\",\"@id\":\"https:\/\/nazarenovalencia.es\/#website\",\"url\":\"https:\/\/nazarenovalencia.es\/\",\"name\":\"Real Hermandad de Nuestro Padre Jes\u00fas Nazareno \u00b7 Val\u00e8ncia\",\"description\":\"Sitio web oficial de la Real Hermandad de Nuestro Padre Jes\u00fas Nazareno. Hermandad perteneciente a la Semana Santa Marinera de Val\u00e8ncia. Parroquia Santa Mar\u00eda del Mar. Grau \u00b7 Poblats Mar\u00edtims\",\"publisher\":{\"@id\":\"https:\/\/nazarenovalencia.es\/#organization\"},\"potentialAction\":[{\"@type\":\"SearchAction\",\"target\":{\"@type\":\"EntryPoint\",\"urlTemplate\":\"https:\/\/nazarenovalencia.es\/?s={search_term_string}\"},\"query-input\":{\"@type\":\"PropertyValueSpecification\",\"valueRequired\":true,\"valueName\":\"search_term_string\"}}],\"inLanguage\":\"va\"},{\"@type\":\"Organization\",\"@id\":\"https:\/\/nazarenovalencia.es\/#organization\",\"name\":\"Real Hermandad de Nuestro Padre Jes\u00fas Nazareno\",\"url\":\"https:\/\/nazarenovalencia.es\/\",\"logo\":{\"@type\":\"ImageObject\",\"inLanguage\":\"va\",\"@id\":\"https:\/\/nazarenovalencia.es\/#\/schema\/logo\/image\/\",\"url\":\"https:\/\/nazarenovalencia.es\/wp-content\/uploads\/2022\/01\/logo-hermandad-sevilla.png\",\"contentUrl\":\"https:\/\/nazarenovalencia.es\/wp-content\/uploads\/2022\/01\/logo-hermandad-sevilla.png\",\"width\":1920,\"height\":1080,\"caption\":\"Real Hermandad de Nuestro Padre Jes\u00fas Nazareno\"},\"image\":{\"@id\":\"https:\/\/nazarenovalencia.es\/#\/schema\/logo\/image\/\"},\"sameAs\":[\"https:\/\/www.facebook.com\/valencia.hermandadnazareno\",\"https:\/\/x.com\/nazarenograo\",\"https:\/\/www.instagram.com\/nazarenovalencia\/\",\"https:\/\/www.youtube.com\/user\/nazarenovalencia\"]}]}<\/script>\n<!-- \/ Yoast SEO plugin. -->","yoast_head_json":{"title":"Libro 2024 - Real Hermandad de Nuestro Padre Jes\u00fas Nazareno \u00b7 Val\u00e8ncia","robots":{"index":"index","follow":"follow","max-snippet":"max-snippet:-1","max-image-preview":"max-image-preview:large","max-video-preview":"max-video-preview:-1"},"canonical":"https:\/\/nazarenovalencia.es\/va\/libro-2024\/","og_locale":"en_US","og_type":"article","og_title":"Libro 2024 - Real Hermandad de Nuestro Padre Jes\u00fas Nazareno \u00b7 Val\u00e8ncia","og_url":"https:\/\/nazarenovalencia.es\/va\/libro-2024\/","og_site_name":"Real Hermandad de Nuestro Padre Jes\u00fas Nazareno \u00b7 Val\u00e8ncia","article_publisher":"https:\/\/www.facebook.com\/valencia.hermandadnazareno","twitter_card":"summary_large_image","twitter_site":"@nazarenograo","schema":{"@context":"https:\/\/schema.org","@graph":[{"@type":"WebPage","@id":"https:\/\/nazarenovalencia.es\/libro-2024\/","url":"https:\/\/nazarenovalencia.es\/libro-2024\/","name":"Libro 2024 - Real Hermandad de Nuestro Padre Jes\u00fas Nazareno \u00b7 Val\u00e8ncia","isPartOf":{"@id":"https:\/\/nazarenovalencia.es\/#website"},"datePublished":"2024-03-05T21:51:29+00:00","inLanguage":"va","potentialAction":[{"@type":"ReadAction","target":["https:\/\/nazarenovalencia.es\/libro-2024\/"]}]},{"@type":"WebSite","@id":"https:\/\/nazarenovalencia.es\/#website","url":"https:\/\/nazarenovalencia.es\/","name":"Real Hermandad de Nuestro Padre Jes\u00fas Nazareno \u00b7 Val\u00e8ncia","description":"Sitio web oficial de la Real Hermandad de Nuestro Padre Jes\u00fas Nazareno. Hermandad perteneciente a la Semana Santa Marinera de Val\u00e8ncia. Parroquia Santa Mar\u00eda del Mar. Grau \u00b7 Poblats Mar\u00edtims","publisher":{"@id":"https:\/\/nazarenovalencia.es\/#organization"},"potentialAction":[{"@type":"SearchAction","target":{"@type":"EntryPoint","urlTemplate":"https:\/\/nazarenovalencia.es\/?s={search_term_string}"},"query-input":{"@type":"PropertyValueSpecification","valueRequired":true,"valueName":"search_term_string"}}],"inLanguage":"va"},{"@type":"Organization","@id":"https:\/\/nazarenovalencia.es\/#organization","name":"Real Hermandad de Nuestro Padre Jes\u00fas Nazareno","url":"https:\/\/nazarenovalencia.es\/","logo":{"@type":"ImageObject","inLanguage":"va","@id":"https:\/\/nazarenovalencia.es\/#\/schema\/logo\/image\/","url":"https:\/\/nazarenovalencia.es\/wp-content\/uploads\/2022\/01\/logo-hermandad-sevilla.png","contentUrl":"https:\/\/nazarenovalencia.es\/wp-content\/uploads\/2022\/01\/logo-hermandad-sevilla.png","width":1920,"height":1080,"caption":"Real Hermandad de Nuestro Padre Jes\u00fas Nazareno"},"image":{"@id":"https:\/\/nazarenovalencia.es\/#\/schema\/logo\/image\/"},"sameAs":["https:\/\/www.facebook.com\/valencia.hermandadnazareno","https:\/\/x.com\/nazarenograo","https:\/\/www.instagram.com\/nazarenovalencia\/","https:\/\/www.youtube.com\/user\/nazarenovalencia"]}]}},"_links":{"self":[{"href":"https:\/\/nazarenovalencia.es\/va\/wp-json\/wp\/v2\/pages\/1339","targetHints":{"allow":["GET"]}}],"collection":[{"href":"https:\/\/nazarenovalencia.es\/va\/wp-json\/wp\/v2\/pages"}],"about":[{"href":"https:\/\/nazarenovalencia.es\/va\/wp-json\/wp\/v2\/types\/page"}],"author":[{"embeddable":true,"href":"https:\/\/nazarenovalencia.es\/va\/wp-json\/wp\/v2\/users\/1"}],"replies":[{"embeddable":true,"href":"https:\/\/nazarenovalencia.es\/va\/wp-json\/wp\/v2\/comments?post=1339"}],"version-history":[{"count":1,"href":"https:\/\/nazarenovalencia.es\/va\/wp-json\/wp\/v2\/pages\/1339\/revisions"}],"predecessor-version":[{"id":1453,"href":"https:\/\/nazarenovalencia.es\/va\/wp-json\/wp\/v2\/pages\/1339\/revisions\/1453"}],"wp:attachment":[{"href":"https:\/\/nazarenovalencia.es\/va\/wp-json\/wp\/v2\/media?parent=1339"}],"curies":[{"name":"wp","href":"https:\/\/api.w.org\/{rel}","templated":true}]}}

<!-- This site is optimized with the Yoast SEO plugin v27.2 - https://yoast.com/product/yoast-seo-wordpress/ -->
<title>Libro 2024 - Real Hermandad de Nuestro Padre Jesús Nazareno · València</title>
<meta name="robots" content="index, follow, max-snippet:-1, max-image-preview:large, max-video-preview:-1" />
<link rel="canonical" href="https://nazarenovalencia.es/va/libro-2024/" />
<meta property="og:locale" content="en_US" />
<meta property="og:type" content="article" />
<meta property="og:title" content="Libro 2024 - Real Hermandad de Nuestro Padre Jesús Nazareno · València" />
<meta property="og:url" content="https://nazarenovalencia.es/va/libro-2024/" />
<meta property="og:site_name" content="Real Hermandad de Nuestro Padre Jesús Nazareno · València" />
<meta property="article:publisher" content="https://www.facebook.com/valencia.hermandadnazareno" />
<meta name="twitter:card" content="summary_large_image" />
<meta name="twitter:site" content="@nazarenograo" />
<script type="application/ld+json" class="yoast-schema-graph">{"@context":"https://schema.org","@graph":[{"@type":"WebPage","@id":"https://nazarenovalencia.es/libro-2024/","url":"https://nazarenovalencia.es/libro-2024/","name":"Libro 2024 - Real Hermandad de Nuestro Padre Jesús Nazareno · València","isPartOf":{"@id":"https://nazarenovalencia.es/#website"},"datePublished":"2024-03-05T21:51:29+00:00","inLanguage":"va","potentialAction":[{"@type":"ReadAction","target":["https://nazarenovalencia.es/libro-2024/"]}]},{"@type":"WebSite","@id":"https://nazarenovalencia.es/#website","url":"https://nazarenovalencia.es/","name":"Real Hermandad de Nuestro Padre Jesús Nazareno · València","description":"Sitio web oficial de la Real Hermandad de Nuestro Padre Jesús Nazareno. Hermandad perteneciente a la Semana Santa Marinera de València. Parroquia Santa María del Mar. Grau · Poblats Marítims","publisher":{"@id":"https://nazarenovalencia.es/#organization"},"potentialAction":[{"@type":"SearchAction","target":{"@type":"EntryPoint","urlTemplate":"https://nazarenovalencia.es/?s={search_term_string}"},"query-input":{"@type":"PropertyValueSpecification","valueRequired":true,"valueName":"search_term_string"}}],"inLanguage":"va"},{"@type":"Organization","@id":"https://nazarenovalencia.es/#organization","name":"Real Hermandad de Nuestro Padre Jesús Nazareno","url":"https://nazarenovalencia.es/","logo":{"@type":"ImageObject","inLanguage":"va","@id":"https://nazarenovalencia.es/#/schema/logo/image/","url":"https://nazarenovalencia.es/wp-content/uploads/2022/01/logo-hermandad-sevilla.png","contentUrl":"https://nazarenovalencia.es/wp-content/uploads/2022/01/logo-hermandad-sevilla.png","width":1920,"height":1080,"caption":"Real Hermandad de Nuestro Padre Jesús Nazareno"},"image":{"@id":"https://nazarenovalencia.es/#/schema/logo/image/"},"sameAs":["https://www.facebook.com/valencia.hermandadnazareno","https://x.com/nazarenograo","https://www.instagram.com/nazarenovalencia/","https://www.youtube.com/user/nazarenovalencia"]}]}</script>
<!-- / Yoast SEO plugin. -->

Libro 2024 - Real Hermandad de Nuestro Padre Jesús Nazareno · València

Real Hermandad de Nuestro Padre Jesús Nazareno · València

Sitio web oficial de la Real Hermandad de Nuestro Padre Jesús Nazareno. Hermandad perteneciente a la Semana Santa Marinera de València. Parroquia Santa María del Mar. Grau · Poblats Marítims

Real Hermandad de Nuestro Padre Jesús Nazareno
